base 8, what is -576013 - 1?
-576014
In base 11, what is 189a8 - 58?
18950
In base 3, what is -1220221 - 2120?
-2000111
In base 3, what is 2001210 - 1101?
2000102
In base 14, what is 32dd1 + -2?
32dcd
In base 14, what is b19 - 5?
b14
In base 10, what is 1134378 + 6?
1134384
In base 2, what is 1010011000 - -11000111?
1101011111
In base 15, what is a4392 + 4?
a4396
In base 16, what is -2b - -3cd?
3a2
In base 3, what is 1 - -1002012111?
1002012112
In base 3, what is -102211120012 - -20?
-102211112222
In base 15, what is 2 + -180384?
-180382
In base 6, what is -3 - -14400114?
14400111
In base 10, what is -722478 - -1?
-722477
In base 14, what is -b16a - 3?
-b16d
In base 7, what is -4 - 446004?
-446011
In base 5, what is 130 + -3220?
-3040
In base 3, what is 0 + -1211211111?
-1211211111
In base 9, what is -106 - 1717?
-1824
In base 9, what is -6 - 1542?
-1548
In base 2, what is 1011100100011 - -100101001?
1100001001100
In base 14, what is -433 + 3c7?
-4a
In base 11, what is 384 + -73?
311
In base 11, what is 1 - -23513?
23514
In base 11, what is 6678 + 6?
6683
In base 6, what is 124535 + 3?
124542
In base 15, what is -34 + -2c8?
-30c
In base 6, what is -31 + 50055?
50024
In base 15, what is 149 - 96?
a3
In base 8, what is 3 - 3260445?
-3260442
In base 2, what is -10010111110 - -10000?
-10010101110
In base 11, what is 1 - 38450?
-3844a
In base 16, what is 1 + -b553?
-b552
In base 6, what is -41405 - -13?
-41352
In base 8, what is -2 + 33711?
33707
In base 7, what is 3005 + -4?
3001
In base 6, what is -24335 + -5?
-24344
In base 15, what is -173 + -3?
-176
In base 16, what is 2d + -a72?
-a45
In base 14, what is -24a + 62c?
3c2
In base 11, what is 2 - -58a0a?
58a11
In base 9, what is 5 + 46167?
46173
In base 12, what is -128 - 821?
-949
In base 14, what is 45a50 + b?
45a5b
In base 5, what is 21210244 - -3?
21210302
In base 2, what is -10001010 - -1000011110111001?
1000011100101111
In base 12, what is -52 + -518?
-56a
In base 9, what is 766511 - -1?
766512
In base 13, what is -7115 - 4?
-7119
In base 8, what is -4056600 + -1?
-4056601
In base 8, what is -25 + -116324?
-116351
In base 3, what is -11202 - -1110102210?
1110021001
In base 4, what is -11 + -112220001?
-112220012
In base 9, what is -556 + 217?
-338
In base 16, what is -338 + 117?
-221
In base 8, what is -7172 - 6?
-7200
In base 4, what is 120 - 22221?
-22101
In base 15, what is -136 + -3bc8?
-3d0e
In base 8, what is 0 + 30142?
30142
In base 9, what is 15321 + 8?
15330
In base 16, what is 0 - 19ce?
-19ce
In base 5, what is 23 - -11042?
11120
In base 3, what is -211212000 + 1?
-211211222
In base 11, what is 60557 + 1?
60558
In base 16, what is -50e + e?
-500
In base 10, what is 16407 + -16?
16391
In base 5, what is -10013243 - -12?
-10013231
In base 2, what is 1001010100010 + 110?
1001010101000
In base 9, what is 0 - -102210?
102210
In base 16, what is -1 - 1422dc?
-1422dd
In base 11, what is -1518 + -12?
-152a
In base 4, what is 101331232 + 1133?
101333031
In base 9, what is 334 - 554?
-220
In base 10, what is 59662 - -25?
59687
In base 16, what is -b - -5a9?
59e
In base 11, what is 7 + 15683?
1568a
In base 13, what is 9a027 - 2?
9a025
In base 13, what is 0 - 5713?
-5713
In base 16, what is -23dda + -5?
-23ddf
In base 11, what is 4 + 1a1517?
1a1520
In base 10, what is -2678 + -5?
-2683
In base 11, what is 17 + -aa?
-93
In base 7, what is 31303 + -54?
31216
In base 6, what is -2 - 105024234?
-105024240
In base 11, what is 3059 + -2?
3057
In base 6, what is 22304541 - -1?
22304542
In base 14, what is -42 + 2222b?
221c9
In base 15, what is 5 + de0d?
de13
In base 12, what is -229a6 + -4?
-229aa
In base 13, what is -c175 + 22?
-c153
In base 6, what is -122452 + -4?
-122500
In base 14, what is -5 - c219?
-c220
In base 12, what is -a47 - -37?
-a10
In base 4, what is 32300 + 1311?
100211
In base 7, what is -4 + -200105?
-200112
In base 9, what is 5461047 - -3?
5461051
In base 11, what is 3 + -27885?
-27882
In base 12, what is -5 + b464?
b45b
In base 16, what is 5 + 2bc3?
2bc8
In base 8, what is 157 + 1135?
1314
In base 6, what is -10030454 + -10?
-10030504
In base 14, what is 15c - 169a?
-153c
In base 6, what is -3552542 + 12?
-3552530
In base 14, what is 211a - b3?
2047
In base 14, what is -4 - -946b1?
946ab
In base 5, what is 43411 - 14?
43342
In base 16, what is b2 - -18?
ca
In base 14, what is -11 - -2336?
2325
In base 9, what is 1624 - 113?
1511
In base 5, what is -2 - -11132004?
11132002
In base 15, what is -ac - 6d?
-12a
In base 9, what is 110 - 41315?
-41205
In base 5, what is 1011400 - 10?
1011340
In base 5, what is 134432 + -4?
134423
In base 6, what is -1 - -2423405?
2423404
In base 7, what is -14 - 21564?
-21611
In base 6, what is 12255 - -232?
12531
In base 2, what is 110101101010100 - -11001?
110101101101101
In base 10, what is 46076 + 4?
46080
In base 3, what is -101221102000 + 1?
-101221101222
In base 12, what is 1624b - -9?
16258
In base 4, what is 200 - -21000?
21200
In base 5, what is 203302300 + 11?
203302311
In base 10, what is 72 - -178?
250
In base 9, what is 24480 + 0?
24480
In base 2, what is 10 - -1001110101001?
1001110101011
In base 12, what is -154b7 + -18?
-15513
In base 2, what is -100100001100 + -100?
-100100010000
In base 16, what is ddab - 4?
dda7
In base 4, what is -1220213323 - 0?
-1220213323
In base 11, what is -9 + 18280?
18272
In base 6, what is 5242 - 243?
4555
In base 5, what is -3212 - -111?
-3101
In base 15, what is -54 - 468?
-4bc
In base 16, what is -60 + ac9?
a69
In base 8, what is 6534 - 206?
6326
In base 2, what is 0 + -111100011100?
-111100011100
In base 9, what is -6203 + -82?
-6285
In base 3, what is 220222011120 + 22?
220222011212
In base 12, what is -aa57 + -5?
-aa60
In base 3, what is 2 - -2012020120?
2012020122
In base 15, what is -10 - 22a19?
-22a29
In base 16, what is 7e39b + 2?
7e39d
In base 13, what is -27b29 + 6?
-27b23
In base 10, what is 244227 + -7?
244220
In base 12, what is 48b - -224?
6b3
In base 7, what is -4362 - 420?
-5112
In base 15, what is -4be - 2e4a?
-3419
In base 4, what is 0 - -31330233?
31330233
In base 4, what is -21322 + -13?
-22001
In base 7, what is -16522305 + -2?
-16522310
In base 16, what is -2b5deb + -1?
-2b5dec
In base 2, what is 111111111111 - 110111?
111111001000
In base 7, what is -14343 - -26?
-14314
In base 9, what is 2 - -26723?
26725
In base 9, what is -2 + -5865?
-5867
In base 8, what is 3 + 1413?
1416
In base 15, what is 2 + -1835e4?
-1835e2
In base 2, what is 1011011000101011000 + -11?
1011011000101010101
In base 9, what is -321 - 111?
-432
In base 4, what is -13 - 21320002?
-21320021
In base 9, what is 16 - 878?
-862
In base 7, what is -1 - -5040621?
5040620
In base 4, what is 202 + -1103001?
-1102133
In base 13, what is 4 + b864?
b868
In base 14, what is -5021 + bb?
-4d44
In base 12, what is 2 + -54a41?
-54a3b
In base 6, what is 22 + 1143313?
1143335
In base 5, what is 14311 - 333?
13423
In base 14, what is 2873b7 - -2?
2873b9
In base 13, what is -b32c9 + 1?
-b32c8
In base 4, what is 101120003221 - -3?
101120003230
In base 2, what is 1 + -11011000100?
-11011000011
In base 4, what is -210320032 - -11?
-210320021
In base 6, what is 51402 - 5?
51353
In base 5, what is -13022 + 42?
-12430
In base 16, what is -f - bf?
-ce
In base 9, what is 21016 + 3?
21020
In base 5, what is -303 - -40324?
40021
In base 7, what is -220610 - -64?
-220513
In base 14, what is -7 - -1c9?
1c2
In base 16, what is -5 - -257c?
2577
In base 10, what is 105100 + 4?
105104
In base 3, what is 20 + -112012120010?
-112012112220
In base 10, what is 68726 + -1?
68725
In base 4, what is 21102331 + 13?
21103010
In base 2, what is -101 - -11100100001?
11100011100
In base 13, what is -4597 + -7?
-45a1
In base 7, what is 415265 + 4?
415302
In base 9, what is 1726 + -7?
1718
In base 8, what is 2 - 406147?
-406145
In base 16, what is 10f + db?
1ea
In base 2, what is 10001110100111 + 101000011?
10010011101010
In base 14, what is -3a7 + -756?
-b1d
In base 4, what is 3302222 + -311?
3301311
In base 12, what is 6649 + -8?
6641
In base 8, what is 4 + -2377577?
-2377573
In base 4, what is 21022 - -10202?
31230
In base 6, what is -2524120 + 10?
-2524110
In base 7, what is 264153 + -10?
264143
In base 3, what is 200100202 - 202?
200100000
In base 12, 